eatest common divisor of 40 and g?
8
Let l(d) = d**3 + 3*d**2 - 10*d - 15. Let p be l(-5). Let q be (-20)/(p/3) + 88. What is the highest common factor of 46 and q?
46
Let m(h) = -h**3 + 4*h - 15. Let z be m(-5). Suppose 720 + z = 3*n. Calculate the greatest common divisor of n and 9.
9
Let l be (-23 + 2)/(21 + -22). What is the highest common divisor of 42 and l?
21
Let b be (1/(-2))/((-1)/730). Suppose g + 2*f = 4*g - 260, -4*g - f = -b. Calculate the highest common divisor of g and 18.
18
Suppose 444 = -3*r - 3*r. Let u be r/6*42/(-2). What is the greatest common divisor of 37 and u?
37
Suppose -5*b = -2*r - 11, 0 = 3*r + 7*b - 3*b + 5. Let p(w) = -2*w**3 + w**2 + 7*w + 1. Let a be p(r). What is the greatest common factor of 43 and a?
43
Let f(h) = h**2 - 28*h + 78. Let u be f(42). What is the greatest common factor of 27 and u?
9
Suppose 0 = f - q - 25, 18*q - 13*q = f - 41. What is the highest common factor of 364 and f?
7
Suppose 0 = -3*x - 2*x. Suppose x*s - s + 25 = 3*b, 3*b - 2*s - 13 = 0. Let n = 1 - 0. Calculate the highest common divisor of b and n.
1
Let n(g) = g**3 + 2*g**2 + g. Let p be n(-1). Let k be (-63)/(-7) - (0 - p). What is the greatest common divisor of 36 and k?
9
Suppose -47*u + 2970 = -3046. What is the greatest common factor of 8 and u?
8
Suppose -y + 357 = j, 97 = 5*y + 4*j - 1691. What is the highest common factor of 48 and y?
24
Let b = -16 - -20. Suppose 2*v = 5*v - 219. Suppose 0*j + 5*j = 3*h - v, -2*j = 4*h - 54. Calculate the highest common divisor of h and b.
4
Let t(n) = 17*n**2 - 2*n - 1. Let o be t(-1). Let u = -16 - -15. Let y be (-1 - 2 - 6)*u. Calculate the highest common factor of o and y.
9
Let g be (-6)/93 - (-748)/62. Let x = -21 + 39. What is the highest common divisor of x and g?
6
Suppose -48 + 6 = -4*p + j, 2*p - 18 = -j. Let t be 12 - ((-14)/(-10) + p/(-25)). What is the greatest common divisor of 99 and t?
11
Let i(g) = -g**3 + 9*g**2 - 13*g + 22. Let v be i(11). Let c be v*(20/130 + (-38)/78). Calculate the highest common factor of c and 11.
11
Suppose 2*d = -2 + 178. What is the greatest common divisor of 40 and d?
8
Let n(s) = 11*s - 38. Suppose 0 = f - 4*b - 2 - 18, -5*f - b = -16. Let a be n(f). What is the highest common divisor of 18 and a?
6
Suppose 10266 + 4554 = 30*k. Calculate the greatest common factor of 38 and k.
38
Let k(l) = l**3 + 9*l**2 + 10*l - 13. Let u be k(-9). Let a = u + 138. What is the greatest common divisor of 10 and a?
5
Let k(z) = z - 2. Let p be k(3). Let f(m) = 4*m - 1. Let j be f(p). Suppose 12 = -4*l, -j*q - 5*l + 681 = -l. Calculate the highest common factor of q and 21.
21
Suppose -3*p + 185 = 2*k, -4*p + 3*k - k = -256. What is the greatest common factor of p and 168?
21
Let a(n) = -n + 30. Let v be a(11). Suppose v - 1 = p. Calculate the greatest common factor of p and 36.
18
Suppose 17*b - 806 = -9*b. Calculate the highest common factor of 341 and b.
31
Suppose -10*v = -15*v + 14450. Let y be 2/(-3) + 11/(165/v). What is the highest common divisor of 24 and y?
24
Let r be (5 - (1 - 3)) + -3. Suppose -r = -3*a + 11. Suppose w + 48 = a*w. Calculate the greatest common divisor of w and 30.
6
Let h(j) = 4*j**2 - 3*j - 1. Let y be h(3). Let f = 565 - 279. What is the greatest common factor of y and f?
26
Suppose -6680 = 5*r - 9*r + 4*h, 4*r = -3*h + 6715. Calculate the highest common factor of r and 75.
25
Suppose 0 = -5*g - 167 + 492. What is the greatest common divisor of 26 and g?
13
Suppose 0*n + 15 = 5*n. Let d be (-3 - -1) + 2 + -1. Let q be d/2*(3 + -1 + -8). Calculate the greatest common factor of n and q.
3
Suppose -2*m + 6*m + 1556 = 5*l, -1244 = -4*l + 3*m. Suppose 5*p + 480 = 700. What is the greatest common divisor of l and p?
44
Suppose -1535*h + 13968 = -1519*h. What is the greatest common factor of 97 and h?
97
Let h = 23 + -17. Let a(o) = o**2 - 4*o - 9. Let g be a(h). Suppose -g*s = 4*l - 40, -5*s - l + 20 = -6*l. Calculate the highest common divisor of s and 4.
4
Let q = 20 - 17. Let f be 7 - 8 - q*-6. Calculate the greatest common divisor of f and 68.
17
Let i = 385 - 325. Calculate the greatest common divisor of i and 80.
20
Suppose -4*p - 39 = -j, -87 = -6*j + 3*j + 2*p. Let s = 216 - 198. What is the greatest common divisor of j and s?
9
Let q be (-15)/6*(-12)/10. Suppose -q*i = -0*i - 42. Let k(g) = g**3 - 25*g**2 - 22*g - 6. Let y be k(26). What is the greatest common divisor of i and y?
14
Let x = -5 + 7. Let r be 4/(-6)*-195 - x. Suppose -3*f = v - 40 - 58, -4*f + 126 = -v. Calculate the greatest common factor of r and f.
32
Suppose -17*p + 264 = 5*p. Calculate the greatest common divisor of p and 12.
12
Let d(h) be the second derivative of 4*h**2 - 1/6*h**3 + 0 + 2*h. Let t be d(6). What is the greatest common factor of t and 4?
2
Let a(x) = 35*x**3 + 1 + 2*x - 2 + 30*x**3. Let d be a(1). Calculate the greatest common divisor of d and 165.
33
Let j = -740 - -1307. Calculate the greatest common factor of 81 and j.
81
Suppose 4*y - 616 = -2*p + 604, 3*y - 1839 = -3*p. Calculate the greatest common divisor of 88 and p.
88
Suppose 4 = -t + 3*t. Let j = -10 + 13. Suppose 4*u - 11 = 3*y, u = -2*y + 3*y + j. Calculate the highest common factor of u and t.
2
Suppose -530*h + 523*h + 1638 = 0. Calculate the greatest common divisor of 390 and h.
78
Let f be 478 + (-12)/(-8)*4/3. Suppose 2*m + f = 7*m. Calculate the highest common divisor of m and 64.
32
Let n be (-6)/(-8) - (-171)/(-36). Let w be (-628)/(-6) + n/6. Let u = w + -59. What is the highest common divisor of 18 and u?
9
Suppose -o + 5*j = -50, -14*o + 4*j = -16*o + 170. Let u = 21 + 4. Calculate the highest common factor of u and o.
25
Suppose -5*r = -406 + 26. Suppose 4*b - 3*l = b + 42, -6 = b - 5*l. Calculate the highest common factor of b and r.
19
Let q be ((-6)/2)/(213/(-355)). Calculate the greatest common divisor of q and 95.
5
Let v be 18/45 - -58*(-2)/(-10). What is the highest common factor of v and 114?
6
Let n(a) = 5*a**2 - 1. Let j be n(1). Suppose 6*t - t - 44 = -j*c, -3*t - c + 32 = 0. Let m = -40 - -64. What is the greatest common factor of m and t?
12
Suppose -5*p - 2*f - 2*f = -288, -2*p + 135 = -5*f. Suppose 5120 = -24*a + 88*a. What is the highest common divisor of p and a?
20
Let o(a) = -9*a - 194. Let c be o(-24). Calculate the greatest common divisor of 33 and c.
11
Let s(z) = -z**3 - 58*z**2 - 57*z + 136. Let k be s(-57). Calculate the highest common divisor of k and 16.
8
Let w be -15*(-273)/((-156)/(-12)). Calculate the highest common divisor of w and 7.
7
Suppose 62 = 5*g - 5*a - 68, 0 = -5*g + 2*a + 124. Suppose 6 = 5*p - g. Let b = 55 + -49. Calculate the highest common divisor of p and b.
6
Let r = -1365 - -1371. Calculate the highest common factor of r and 162.
6
Let o be (19 + -14)*8/(-10). Let f be (3 + o - 0) + 10. Calculate the highest common divisor of 6 and f.
3
Let u(b) = b**3 - 43*b**2 + 45*b - 33. Let x be u(42). Calculate the highest common factor of 6 and x.
3
Let h be 2/6 + (-22)/(-6). Let y be (1 + -1 - h) + 28. Calculate the highest common divisor of 24 and y.
24
Let x = -456 + 491. Calculate the greatest common factor of 245 and x.
35
Let h = 801 - 549. Suppose -5*w = -9*w + h. Calculate the greatest common factor of 9 and w.
9
Let f(g) = 11*g**2 + g - 1. Let o be (-18)/12*2/(-1). Suppose 4*v + 19 = -k, k - 6*k = o*v + 10. Let h be f(k). Calculate the highest common factor of h and 1.
1
Let q(y) = 2*y + 4. Let t be q(0). Let r be (-12)/t*(-44 - 0). Suppose -1 = 4*d - 49. Calculate the highest common divisor of r and d.
12
Suppose 4*g = 3*h + 6*g - 586, -5*g = 20. Calculate the greatest common factor of 132 and h.
66
Suppose 0 = -2*k + 647 - 151. Suppose -8*o + 104 + k = 0. Let t = -35 + 57. What is the greatest common factor of t and o?
22
Suppose 5*f - 19 = -39. Let o be 6*f/8 - -8. What is the greatest common factor of 35 and o?
5
Let f be (3/2)/((-7)/(-14)). Let x be (-5 - -25)/(f + -1). Let p = 188 - 118. What is the greatest common divisor of p and x?
10
Suppose -h - 12 = r, r + 13 = 3*h - 5*h. Let a = -13 - r. Let q be -1*25*10/a. What is the highest common factor of q and 25?
25
Suppose -4*q - 13 = -k + 1, 3*q = 3*k - 15. Suppose 112 = k*c + 32. Let z = 24 + -14. Calculate the greatest common divisor of z and c.
10
Let f 